[INFO] cloning repository https://github.com/Uriopass/Leaderboard
[INFO] running `Command { std: "git" "-c" "credential.helper=" "-c" "credential.helper=/workspace/cargo-home/bin/git-credential-null" "clone" "--bare" "https://github.com/Uriopass/Leaderboard" "/workspace/cache/git-repos/https%3A%2F%2Fgithub.com%2FUriopass%2FLeaderboard", kill_on_drop: false }`
[INFO] [stderr] Cloning into bare repository '/workspace/cache/git-repos/https%3A%2F%2Fgithub.com%2FUriopass%2FLeaderboard'...
[INFO] running `Command { std: "git" "rev-parse" "HEAD", kill_on_drop: false }`
[INFO] [stdout] 3745ba49acc7218999e7049c4e369f915fd3e101
[INFO] checking Uriopass/Leaderboard against master#9610dfe5a9a731ced1ea4923ecbd0c57fe367898 for beta-170-4
[INFO] running `Command { std: "git" "clone" "/workspace/cache/git-repos/https%3A%2F%2Fgithub.com%2FUriopass%2FLeaderboard" "/workspace/builds/worker-6-tc1/source", kill_on_drop: false }`
[INFO] [stderr] Cloning into '/workspace/builds/worker-6-tc1/source'...
[INFO] [stderr] done.
[INFO] validating manifest of git repo https://github.com/Uriopass/Leaderboard on toolchain 9610dfe5a9a731ced1ea4923ecbd0c57fe367898
[INFO] running `Command { std: CARGO_HOME="/workspace/cargo-home" RUSTUP_HOME="/workspace/rustup-home" "/workspace/cargo-home/bin/cargo" "+9610dfe5a9a731ced1ea4923ecbd0c57fe367898" "metadata" "--manifest-path" "Cargo.toml" "--no-deps", kill_on_drop: false }`
[INFO] started tweaking git repo https://github.com/Uriopass/Leaderboard
[INFO] finished tweaking git repo https://github.com/Uriopass/Leaderboard
[INFO] tweaked toml for git repo https://github.com/Uriopass/Leaderboard written to /workspace/builds/worker-6-tc1/source/Cargo.toml
[INFO] crate git repo https://github.com/Uriopass/Leaderboard already has a lockfile, it will not be regenerated
[INFO] running `Command { std: CARGO_HOME="/workspace/cargo-home" RUSTUP_HOME="/workspace/rustup-home" "/workspace/cargo-home/bin/cargo" "+9610dfe5a9a731ced1ea4923ecbd0c57fe367898" "fetch" "--manifest-path" "Cargo.toml", kill_on_drop: false }`
[INFO] [stderr]     Updating crates.io index
[INFO] [stderr]  Downloading crates ...
[INFO] [stderr]   Downloaded axum-core v0.2.9
[INFO] [stderr]   Downloaded async-trait v0.1.65
[INFO] [stderr]   Downloaded r2d2_sqlite v0.20.0
[INFO] [stderr]   Downloaded axum v0.5.17
[INFO] running `Command { std: "docker" "create" "-v" "/var/lib/crater-agent-workspace/builds/worker-6-tc1/target:/opt/rustwide/target:rw,Z" "-v" "/var/lib/crater-agent-workspace/builds/worker-6-tc1/source:/opt/rustwide/workdir:ro,Z" "-v" "/var/lib/crater-agent-workspace/cargo-home:/opt/rustwide/cargo-home:ro,Z" "-v" "/var/lib/crater-agent-workspace/rustup-home:/opt/rustwide/rustup-home:ro,Z" "-e" "SOURCE_DIR=/opt/rustwide/workdir" "-e" "CARGO_TARGET_DIR=/opt/rustwide/target" "-e" "CARGO_HOME=/opt/rustwide/cargo-home" "-e" "RUSTUP_HOME=/opt/rustwide/rustup-home" "-w" "/opt/rustwide/workdir" "-m" "1610612736" "--user" "0:0" "--network" "none" "ghcr.io/rust-lang/crates-build-env/linux@sha256:19e73879b68f455e41552ea35293514db52ea292d993f571636dbffedb77a1ee" "/opt/rustwide/cargo-home/bin/cargo" "+9610dfe5a9a731ced1ea4923ecbd0c57fe367898" "metadata" "--no-deps" "--format-version=1", kill_on_drop: false }`
[INFO] [stdout] 28ca2c389d5cae32d9411b3f6db1794af26975796d1668cc42d77972b5e97112
[INFO] running `Command { std: "docker" "start" "-a" "28ca2c389d5cae32d9411b3f6db1794af26975796d1668cc42d77972b5e97112", kill_on_drop: false }`
[INFO] running `Command { std: "docker" "inspect" "28ca2c389d5cae32d9411b3f6db1794af26975796d1668cc42d77972b5e97112", kill_on_drop: false }`
[INFO] running `Command { std: "docker" "rm" "-f" "28ca2c389d5cae32d9411b3f6db1794af26975796d1668cc42d77972b5e97112", kill_on_drop: false }`
[INFO] [stdout] 28ca2c389d5cae32d9411b3f6db1794af26975796d1668cc42d77972b5e97112
[INFO] running `Command { std: "docker" "create" "-v" "/var/lib/crater-agent-workspace/builds/worker-6-tc1/target:/opt/rustwide/target:rw,Z" "-v" "/var/lib/crater-agent-workspace/builds/worker-6-tc1/source:/opt/rustwide/workdir:ro,Z" "-v" "/var/lib/crater-agent-workspace/cargo-home:/opt/rustwide/cargo-home:ro,Z" "-v" "/var/lib/crater-agent-workspace/rustup-home:/opt/rustwide/rustup-home:ro,Z" "-e" "SOURCE_DIR=/opt/rustwide/workdir" "-e" "CARGO_TARGET_DIR=/opt/rustwide/target" "-e" "CARGO_INCREMENTAL=0" "-e" "RUST_BACKTRACE=full" "-e" "RUSTFLAGS=--cap-lints=forbid" "-e" "RUSTDOCFLAGS=--cap-lints=forbid" "-e" "CARGO_HOME=/opt/rustwide/cargo-home" "-e" "RUSTUP_HOME=/opt/rustwide/rustup-home" "-w" "/opt/rustwide/workdir" "-m" "1610612736" "--user" "0:0" "--network" "none" "ghcr.io/rust-lang/crates-build-env/linux@sha256:19e73879b68f455e41552ea35293514db52ea292d993f571636dbffedb77a1ee" "/opt/rustwide/cargo-home/bin/cargo" "+9610dfe5a9a731ced1ea4923ecbd0c57fe367898" "check" "--frozen" "--all" "--all-targets" "--message-format=json", kill_on_drop: false }`
[INFO] [stdout] 11e54b02bfe1e67069f6f062a0ff431edf02a93b30f5208d51656d6c8739dd3c
[INFO] running `Command { std: "docker" "start" "-a" "11e54b02bfe1e67069f6f062a0ff431edf02a93b30f5208d51656d6c8739dd3c", kill_on_drop: false }`
[INFO] [stderr]    Compiling proc-macro2 v1.0.51
[INFO] [stderr]    Compiling unicode-ident v1.0.7
[INFO] [stderr]    Compiling quote v1.0.23
[INFO] [stderr]    Compiling syn v1.0.109
[INFO] [stderr]    Compiling libc v0.2.139
[INFO] [stderr]     Checking once_cell v1.17.1
[INFO] [stderr]    Compiling futures-core v0.3.26
[INFO] [stderr]    Compiling futures-task v0.3.26
[INFO] [stderr]     Checking itoa v1.0.6
[INFO] [stderr]    Compiling futures-util v0.3.26
[INFO] [stderr]     Checking tracing-core v0.1.30
[INFO] [stderr]    Compiling tokio v1.26.0
[INFO] [stderr]    Compiling serde_derive v1.0.152
[INFO] [stderr]     Checking bytes v1.4.0
[INFO] [stderr]     Checking smallvec v1.10.0
[INFO] [stderr]    Compiling ahash v0.7.6
[INFO] [stderr]    Compiling lock_api v0.4.9
[INFO] [stderr]    Compiling parking_lot_core v0.9.7
[INFO] [stderr]     Checking http v0.2.9
[INFO] [stderr]    Compiling serde v1.0.152
[INFO] [stderr]     Checking mio v0.8.6
[INFO] [stderr]     Checking socket2 v0.4.9
[INFO] [stderr]     Checking num_cpus v1.15.0
[INFO] [stderr]     Checking getrandom v0.2.8
[INFO] [stderr]    Compiling futures-channel v0.3.26
[INFO] [stderr]    Compiling pkg-config v0.3.26
[INFO] [stderr]    Compiling async-trait v0.1.65
[INFO] [stderr]    Compiling cc v1.0.79
[INFO] [stderr]     Checking tower-layer v0.3.2
[INFO] [stderr]    Compiling vcpkg v0.2.15
[INFO] [stderr]     Checking http-body v0.4.5
[INFO] [stderr]     Checking ryu v1.0.13
[INFO] [stderr]     Checking try-lock v0.2.4
[INFO] [stderr]    Compiling thiserror v1.0.38
[INFO] [stderr]    Compiling serde_json v1.0.93
[INFO] [stderr]     Checking parking_lot v0.12.1
[INFO] [stderr]     Checking want v0.3.0
[INFO] [stderr]     Checking hashbrown v0.11.2
[INFO] [stderr]     Checking http-range-header v0.3.0
[INFO] [stderr]     Checking scheduled-thread-pool v0.2.6
[INFO] [stderr]     Checking overload v0.1.1
[INFO] [stderr]     Checking matchit v0.5.0
[INFO] [stderr]    Compiling anyhow v1.0.69
[INFO] [stderr]     Checking nonempty v0.7.0
[INFO] [stderr]     Checking fallible-streaming-iterator v0.1.9
[INFO] [stderr]     Checking hashlink v0.7.0
[INFO] [stderr]     Checking sync_wrapper v0.1.2
[INFO] [stderr]     Checking fallible-iterator v0.2.0
[INFO] [stderr]     Checking r2d2 v0.8.10
[INFO] [stderr]     Checking nu-ansi-term v0.46.0
[INFO] [stderr]     Checking tracing-log v0.1.3
[INFO] [stderr]     Checking sharded-slab v0.1.4
[INFO] [stderr]    Compiling include_dir_macros v0.7.3
[INFO] [stderr]     Checking thread_local v1.1.7
[INFO] [stderr]    Compiling libsqlite3-sys v0.24.2
[INFO] [stderr]     Checking include_dir v0.7.3
[INFO] [stderr]     Checking tracing-subscriber v0.3.16
[INFO] [stderr]    Compiling tokio-macros v1.8.2
[INFO] [stderr]    Compiling tracing-attributes v0.1.23
[INFO] [stderr]    Compiling pin-project-internal v1.0.12
[INFO] [stderr]    Compiling thiserror-impl v1.0.38
[INFO] [stderr]     Checking axum-core v0.2.9
[INFO] [stderr]     Checking pin-project v1.0.12
[INFO] [stderr]     Checking forwarded-header-value v0.1.1
[INFO] [stderr]     Checking tracing v0.1.37
[INFO] [stderr]     Checking tower v0.4.13
[INFO] [stderr]     Checking hyper v0.14.24
[INFO] [stderr]     Checking tower-http v0.3.5
[INFO] [stderr]     Checking rusqlite v0.27.0
[INFO] [stderr]     Checking r2d2_sqlite v0.20.0
[INFO] [stderr]     Checking serde_urlencoded v0.7.1
[INFO] [stderr]     Checking axum v0.5.17
[INFO] [stderr]     Checking axum-client-ip v0.2.0
[INFO] [stderr]     Checking leaderboard v0.1.0 (/opt/rustwide/workdir)
[INFO] [stdout] error[E0308]: arguments to this function are incorrect
[INFO] [stdout]    --> src/main.rs:181:20
[INFO] [stdout]     |
[INFO] [stdout] 181 |           let resp = create_score(
[INFO] [stdout]     |                      ^^^^^^^^^^^^
[INFO] [stdout] 182 | /             Json(CreateScore {
[INFO] [stdout] 183 | |                 game: "test".to_string(),
[INFO] [stdout] 184 | |                 username: Some("test".to_string()),
[INFO] [stdout] 185 | |                 score: 1.0,
[INFO] [stdout] 186 | |             }),
[INFO] [stdout]     | |______________- expected `Extension<db::Database>`, found `axum::Json<CreateScore>`
[INFO] [stdout] 187 |               db.clone(),
[INFO] [stdout]     |               ---------- expected `axum_client_ip::ClientIp`, found `Extension<db::Database>`
[INFO] [stdout] 188 |               ClientIp(IpAddr::V4(Ipv4Addr::new(127, 0, 0, 1))),
[INFO] [stdout]     |               ------------------------------------------------- expected `axum::Json<CreateScore>`, found `axum_client_ip::ClientIp`
[INFO] [stdout]     |
[INFO] [stdout] note: function defined here
[INFO] [stdout]    --> src/main.rs:79:10
[INFO] [stdout]     |
[INFO] [stdout] 79  | async fn create_score(
[INFO] [stdout]     |          ^^^^^^^^^^^^
[INFO] [stdout] 80  |     Extension(db): Extension<Database>,
[INFO] [stdout]     |     ----------------------------------
[INFO] [stdout] 81  |     ClientIp(ip): ClientIp,
[INFO] [stdout]     |     ----------------------
[INFO] [stdout] 82  |     Json(mut payload): Json<CreateScore>,
[INFO] [stdout]     |     ------------------------------------
[INFO] [stdout] help: reorder these arguments
[INFO] [stdout]     |
[INFO] [stdout] 181 ~         let resp = create_score(db.clone(), ClientIp(IpAddr::V4(Ipv4Addr::new(127, 0, 0, 1))), Json(CreateScore {
[INFO] [stdout] 182 +                 game: "test".to_string(),
[INFO] [stdout] 183 +                 username: Some("test".to_string()),
[INFO] [stdout] 184 +                 score: 1.0,
[INFO] [stdout] 185 +             }))
[INFO] [stdout]     |
[INFO] [stdout] 
[INFO] [stdout] 
[INFO] [stdout] error[E0308]: arguments to this function are incorrect
[INFO] [stdout]    --> src/main.rs:195:20
[INFO] [stdout]     |
[INFO] [stdout] 195 |           let resp = create_score(
[INFO] [stdout]     |                      ^^^^^^^^^^^^
[INFO] [stdout] 196 | /             Json(CreateScore {
[INFO] [stdout] 197 | |                 game: "test".to_string(),
[INFO] [stdout] 198 | |                 username: Some("test".to_string()),
[INFO] [stdout] 199 | |                 score: 2.0,
[INFO] [stdout] 200 | |             }),
[INFO] [stdout]     | |______________- expected `Extension<db::Database>`, found `axum::Json<CreateScore>`
[INFO] [stdout] 201 |               db.clone(),
[INFO] [stdout]     |               ---------- expected `axum_client_ip::ClientIp`, found `Extension<db::Database>`
[INFO] [stdout] 202 |               ClientIp(IpAddr::V4(Ipv4Addr::new(127, 0, 0, 1))),
[INFO] [stdout]     |               ------------------------------------------------- expected `axum::Json<CreateScore>`, found `axum_client_ip::ClientIp`
[INFO] [stdout]     |
[INFO] [stdout] note: function defined here
[INFO] [stdout]    --> src/main.rs:79:10
[INFO] [stdout]     |
[INFO] [stdout] 79  | async fn create_score(
[INFO] [stdout]     |          ^^^^^^^^^^^^
[INFO] [stdout] 80  |     Extension(db): Extension<Database>,
[INFO] [stdout]     |     ----------------------------------
[INFO] [stdout] 81  |     ClientIp(ip): ClientIp,
[INFO] [stdout]     |     ----------------------
[INFO] [stdout] 82  |     Json(mut payload): Json<CreateScore>,
[INFO] [stdout]     |     ------------------------------------
[INFO] [stdout] help: reorder these arguments
[INFO] [stdout]     |
[INFO] [stdout] 195 ~         let resp = create_score(db.clone(), ClientIp(IpAddr::V4(Ipv4Addr::new(127, 0, 0, 1))), Json(CreateScore {
[INFO] [stdout] 196 +                 game: "test".to_string(),
[INFO] [stdout] 197 +                 username: Some("test".to_string()),
[INFO] [stdout] 198 +                 score: 2.0,
[INFO] [stdout] 199 +             }))
[INFO] [stdout]     |
[INFO] [stdout] 
[INFO] [stdout] 
[INFO] [stdout] error[E0308]: arguments to this function are incorrect
[INFO] [stdout]    --> src/main.rs:208:20
[INFO] [stdout]     |
[INFO] [stdout] 208 |           let resp = create_score(
[INFO] [stdout]     |                      ^^^^^^^^^^^^
[INFO] [stdout] 209 | /             Json(CreateScore {
[INFO] [stdout] 210 | |                 game: "test".to_string(),
[INFO] [stdout] 211 | |                 username: Some("test3".to_string()),
[INFO] [stdout] 212 | |                 score: 3.0,
[INFO] [stdout] 213 | |             }),
[INFO] [stdout]     | |______________- expected `Extension<db::Database>`, found `axum::Json<CreateScore>`
[INFO] [stdout] 214 |               db.clone(),
[INFO] [stdout]     |               ---------- expected `axum_client_ip::ClientIp`, found `Extension<db::Database>`
[INFO] [stdout] 215 |               ClientIp(IpAddr::V4(Ipv4Addr::new(127, 0, 0, 1))),
[INFO] [stdout]     |               ------------------------------------------------- expected `axum::Json<CreateScore>`, found `axum_client_ip::ClientIp`
[INFO] [stdout]     |
[INFO] [stdout] note: function defined here
[INFO] [stdout]    --> src/main.rs:79:10
[INFO] [stdout]     |
[INFO] [stdout] 79  | async fn create_score(
[INFO] [stdout]     |          ^^^^^^^^^^^^
[INFO] [stdout] 80  |     Extension(db): Extension<Database>,
[INFO] [stdout]     |     ----------------------------------
[INFO] [stdout] 81  |     ClientIp(ip): ClientIp,
[INFO] [stdout]     |     ----------------------
[INFO] [stdout] 82  |     Json(mut payload): Json<CreateScore>,
[INFO] [stdout]     |     ------------------------------------
[INFO] [stdout] help: reorder these arguments
[INFO] [stdout]     |
[INFO] [stdout] 208 ~         let resp = create_score(db.clone(), ClientIp(IpAddr::V4(Ipv4Addr::new(127, 0, 0, 1))), Json(CreateScore {
[INFO] [stdout] 209 +                 game: "test".to_string(),
[INFO] [stdout] 210 +                 username: Some("test3".to_string()),
[INFO] [stdout] 211 +                 score: 3.0,
[INFO] [stdout] 212 +             }))
[INFO] [stdout]     |
[INFO] [stdout] 
[INFO] [stdout] 
[INFO] [stdout] error[E0308]: arguments to this function are incorrect
[INFO] [stdout]    --> src/main.rs:221:20
[INFO] [stdout]     |
[INFO] [stdout] 221 |           let resp = create_score(
[INFO] [stdout]     |                      ^^^^^^^^^^^^
[INFO] [stdout] 222 | /             Json(CreateScore {
[INFO] [stdout] 223 | |                 game: "test".to_string(),
[INFO] [stdout] 224 | |                 username: Some("test3".to_string()),
[INFO] [stdout] 225 | |                 score: 1.0,
[INFO] [stdout] 226 | |             }),
[INFO] [stdout]     | |______________- expected `Extension<db::Database>`, found `axum::Json<CreateScore>`
[INFO] [stdout] 227 |               db.clone(),
[INFO] [stdout]     |               ---------- expected `axum_client_ip::ClientIp`, found `Extension<db::Database>`
[INFO] [stdout] 228 |               ClientIp(IpAddr::V4(Ipv4Addr::new(127, 0, 0, 1))),
[INFO] [stdout]     |               ------------------------------------------------- expected `axum::Json<CreateScore>`, found `axum_client_ip::ClientIp`
[INFO] [stdout]     |
[INFO] [stdout] note: function defined here
[INFO] [stdout]    --> src/main.rs:79:10
[INFO] [stdout]     |
[INFO] [stdout] 79  | async fn create_score(
[INFO] [stdout]     |          ^^^^^^^^^^^^
[INFO] [stdout] 80  |     Extension(db): Extension<Database>,
[INFO] [stdout]     |     ----------------------------------
[INFO] [stdout] 81  |     ClientIp(ip): ClientIp,
[INFO] [stdout]     |     ----------------------
[INFO] [stdout] 82  |     Json(mut payload): Json<CreateScore>,
[INFO] [stdout]     |     ------------------------------------
[INFO] [stdout] help: reorder these arguments
[INFO] [stdout]     |
[INFO] [stdout] 221 ~         let resp = create_score(db.clone(), ClientIp(IpAddr::V4(Ipv4Addr::new(127, 0, 0, 1))), Json(CreateScore {
[INFO] [stdout] 222 +                 game: "test".to_string(),
[INFO] [stdout] 223 +                 username: Some("test3".to_string()),
[INFO] [stdout] 224 +                 score: 1.0,
[INFO] [stdout] 225 +             }))
[INFO] [stdout]     |
[INFO] [stdout] 
[INFO] [stdout] 
[INFO] [stdout] error[E0308]: arguments to this function are incorrect
[INFO] [stdout]    --> src/main.rs:234:20
[INFO] [stdout]     |
[INFO] [stdout] 234 |           let resp = create_score(
[INFO] [stdout]     |                      ^^^^^^^^^^^^
[INFO] [stdout] 235 | /             Json(CreateScore {
[INFO] [stdout] 236 | |                 game: "test".to_string(),
[INFO] [stdout] 237 | |                 username: None,
[INFO] [stdout] 238 | |                 score: 4.0,
[INFO] [stdout] 239 | |             }),
[INFO] [stdout]     | |______________- expected `Extension<db::Database>`, found `axum::Json<CreateScore>`
[INFO] [stdout] 240 |               db.clone(),
[INFO] [stdout]     |               ---------- expected `axum_client_ip::ClientIp`, found `Extension<db::Database>`
[INFO] [stdout] 241 |               ClientIp(IpAddr::V4(Ipv4Addr::new(127, 0, 0, 1))),
[INFO] [stdout]     |               ------------------------------------------------- expected `axum::Json<CreateScore>`, found `axum_client_ip::ClientIp`
[INFO] [stdout]     |
[INFO] [stdout] note: function defined here
[INFO] [stdout]    --> src/main.rs:79:10
[INFO] [stdout]     |
[INFO] [stdout] 79  | async fn create_score(
[INFO] [stdout]     |          ^^^^^^^^^^^^
[INFO] [stdout] 80  |     Extension(db): Extension<Database>,
[INFO] [stdout]     |     ----------------------------------
[INFO] [stdout] 81  |     ClientIp(ip): ClientIp,
[INFO] [stdout]     |     ----------------------
[INFO] [stdout] 82  |     Json(mut payload): Json<CreateScore>,
[INFO] [stdout]     |     ------------------------------------
[INFO] [stdout] help: reorder these arguments
[INFO] [stdout]     |
[INFO] [stdout] 234 ~         let resp = create_score(db.clone(), ClientIp(IpAddr::V4(Ipv4Addr::new(127, 0, 0, 1))), Json(CreateScore {
[INFO] [stdout] 235 +                 game: "test".to_string(),
[INFO] [stdout] 236 +                 username: None,
[INFO] [stdout] 237 +                 score: 4.0,
[INFO] [stdout] 238 +             }))
[INFO] [stdout]     |
[INFO] [stdout] 
[INFO] [stdout] 
[INFO] [stdout] error: aborting due to 5 previous errors
[INFO] [stdout] 
[INFO] [stdout] 
[INFO] [stdout] For more information about this error, try `rustc --explain E0308`.
[INFO] [stdout] 
[INFO] [stderr] error: could not compile `leaderboard` (bin "leaderboard" test) due to 6 previous errors
[INFO] [stderr] warning: build failed, waiting for other jobs to finish...
[INFO] running `Command { std: "docker" "inspect" "11e54b02bfe1e67069f6f062a0ff431edf02a93b30f5208d51656d6c8739dd3c", kill_on_drop: false }`
[INFO] running `Command { std: "docker" "rm" "-f" "11e54b02bfe1e67069f6f062a0ff431edf02a93b30f5208d51656d6c8739dd3c", kill_on_drop: false }`
[INFO] [stdout] 11e54b02bfe1e67069f6f062a0ff431edf02a93b30f5208d51656d6c8739dd3c
